{"id":2177,"date":"2026-04-07T12:07:22","date_gmt":"2026-04-07T10:07:22","guid":{"rendered":"https:\/\/collecta.com.de\/?page_id=2177"},"modified":"2026-04-07T13:10:10","modified_gmt":"2026-04-07T11:10:10","slug":"ueber-clv-gmbh","status":"publish","type":"page","link":"https:\/\/collecta.com.de\/index.php\/ueber-clv-gmbh\/","title":{"rendered":"\u00dcber CLV GmbH"},"content":{"rendered":"\t\t<div data-elementor-type=\"wp-page\" data-elementor-id=\"2177\" class=\"elementor elementor-2177\" data-elementor-post-type=\"page\">\n\t\t\t\t<div class=\"elementor-element elementor-element-10b1d2a e-flex e-con-boxed e-con e-parent\" data-id=\"10b1d2a\" data-element_type=\"container\" data-e-type=\"container\">\n\t\t\t\t\t<div class=\"e-con-inner\">\n\t\t\t\t\t\t\t<h2 \n\t\tdata-interaction-id=\"1be58b9\" \n\t\tclass=\"e-1be58b9-b4f44fc e-heading-base\" \n\t\t \n\t\tdata-e-type=\"widget\" data-id=\"1be58b9\"\n\t>\n\t\n\t\t\tCLV GmbH \u2013 Vertrieb von CollectA Spielfiguren in der D-A-CH-Region &amp; europaweite Logistik\n\t\t<\/h2>\n\t\t\t\t\t<\/div>\n\t\t\t\t<\/div>\n\t\t<div class=\"elementor-element elementor-element-dad0f30 e-flex e-con-boxed e-con e-parent\" data-id=\"dad0f30\" data-element_type=\"container\" data-e-type=\"container\">\n\t\t\t\t\t<div class=\"e-con-inner\">\n\t\t\t\t<div class=\"elementor-element elementor-element-a16d4b4 elementor-widget elementor-widget-text-editor\" data-id=\"a16d4b4\" data-element_type=\"widget\" data-e-type=\"widget\" data-widget_type=\"text-editor.default\">\n\t\t\t\t\t\t\t\t\t<p>Die CLV GmbH ist Ihr spezialisierter Partner f\u00fcr den Vertrieb von CollectA Spielfiguren in der D-A-CH-Region (Deutschland, \u00d6sterreich, Schweiz) sowie f\u00fcr die europaweite Logistik im Spielwarenbereich.<\/p><p>Als erfahrener Distributor im Spielwaren Gro\u00dfhandel verbinden wir regionale Marktkenntnis mit internationaler Logistikkompetenz. So gew\u00e4hrleisten wir eine effiziente Distribution, hohe Verf\u00fcgbarkeit und zuverl\u00e4ssige Lieferprozesse f\u00fcr unsere Partner.<\/p>\t\t\t\t\t\t\t\t<\/div>\n\t\t\t\t\t<\/div>\n\t\t\t\t<\/div>\n\t\t<div class=\"elementor-element elementor-element-4c134e1 e-flex e-con-boxed e-con e-parent\" data-id=\"4c134e1\" data-element_type=\"container\" data-e-type=\"container\">\n\t\t\t\t\t<div class=\"e-con-inner\">\n\t\t\t\t\t\t\t<h2 \n\t\tdata-interaction-id=\"fa5c908\" \n\t\tclass=\"e-fa5c908-b1de08e e-heading-base\" \n\t\t \n\t\tdata-e-type=\"widget\" data-id=\"fa5c908\"\n\t>\n\t\n\t\t\tVertrieb von CollectA Spielfiguren in Deutschland, \u00d6sterreich &amp; Schweiz\n\t\t<\/h2>\n\t\t\t\t\t<\/div>\n\t\t\t\t<\/div>\n\t\t<div class=\"elementor-element elementor-element-f8d0196 e-flex e-con-boxed e-con e-parent\" data-id=\"f8d0196\" data-element_type=\"container\" data-e-type=\"container\">\n\t\t\t\t\t<div class=\"e-con-inner\">\n\t\t\t\t<div class=\"elementor-element elementor-element-f9afbf0 elementor-widget elementor-widget-text-editor\" data-id=\"f9afbf0\" data-element_type=\"widget\" data-e-type=\"widget\" data-widget_type=\"text-editor.default\">\n\t\t\t\t\t\t\t\t\t<p>Wir steuern den gesamten B2B-Vertrieb von CollectA Spielfiguren innerhalb der D-A-CH-Region. Unser Sortiment umfasst detailgetreue Tierfiguren, Dinosaurier und p\u00e4dagogisch wertvolle Spielwaren, die sowohl im Fachhandel als auch im E-Commerce stark nachgefragt sind.<\/p><p>Ihre Vorteile:<\/p><ul><li>Hohe Produktverf\u00fcgbarkeit in der D-A-CH-Region<\/li><li>Schnelle und zuverl\u00e4ssige Lieferzeiten<\/li><li>Strukturierte Bestell- und Vertriebsprozesse<\/li><li>Attraktive Konditionen f\u00fcr H\u00e4ndler und Wiederverk\u00e4ufer<\/li><\/ul>\t\t\t\t\t\t\t\t<\/div>\n\t\t\t\t\t<\/div>\n\t\t\t\t<\/div>\n\t\t<div class=\"elementor-element elementor-element-addcb51 e-flex e-con-boxed e-con e-parent\" data-id=\"addcb51\" data-element_type=\"container\" data-e-type=\"container\">\n\t\t\t\t\t<div class=\"e-con-inner\">\n\t\t\t\t\t\t\t<h2 \n\t\tdata-interaction-id=\"847ea6e\" \n\t\tclass=\"e-847ea6e-7a5eb31 e-heading-base\" \n\t\t \n\t\tdata-e-type=\"widget\" data-id=\"847ea6e\"\n\t>\n\t\n\t\t\tEuropaweite Logistik f\u00fcr Spielwaren\n\t\t<\/h2>\n\t\t\t\t\t<\/div>\n\t\t\t\t<\/div>\n\t\t<div class=\"elementor-element elementor-element-0de6506 e-flex e-con-boxed e-con e-parent\" data-id=\"0de6506\" data-element_type=\"container\" data-e-type=\"container\">\n\t\t\t\t\t<div class=\"e-con-inner\">\n\t\t\t\t<div class=\"elementor-element elementor-element-69c91f0 elementor-widget elementor-widget-text-editor\" data-id=\"69c91f0\" data-element_type=\"widget\" data-e-type=\"widget\" data-widget_type=\"text-editor.default\">\n\t\t\t\t\t\t\t\t\t<p>Neben dem regionalen Vertrieb bietet die CLV GmbH eine leistungsstarke, europaweite Logistikl\u00f6sung f\u00fcr Spielwaren. Unsere modernen Lager- und Versandstrukturen erm\u00f6glichen eine schnelle und sichere Lieferung in ganz Europa.<\/p><p>Unsere Logistikleistungen:<\/p><ul><li>Zentrale Lagerhaltung und effizientes Fulfillment<\/li><li>Versand in alle europ\u00e4ischen L\u00e4nder<\/li><li>Professionelles Bestands- und Liefermanagement<\/li><\/ul><p data-start=\"1329\" data-end=\"1560\">Skalierbare L\u00f6sungen f\u00fcr wachsende M\u00e4rkte <\/p>\t\t\t\t\t\t\t\t<\/div>\n\t\t\t\t\t<\/div>\n\t\t\t\t<\/div>\n\t\t<div class=\"elementor-element elementor-element-6c1925f e-flex e-con-boxed e-con e-parent\" data-id=\"6c1925f\" data-element_type=\"container\" data-e-type=\"container\">\n\t\t\t\t\t<div class=\"e-con-inner\">\n\t\t\t\t\t\t\t<h2 \n\t\tdata-interaction-id=\"83a1d96\" \n\t\tclass=\"e-83a1d96-5fa206f e-heading-base\" \n\t\t \n\t\tdata-e-type=\"widget\" data-id=\"83a1d96\"\n\t>\n\t\n\t\t\tIhr B2B-Partner f\u00fcr CollectA Figuren\n\t\t<\/h2>\n\t\t\t\t\t<\/div>\n\t\t\t\t<\/div>\n\t\t<div class=\"elementor-element elementor-element-f5f0b59 e-flex e-con-boxed e-con e-parent\" data-id=\"f5f0b59\" data-element_type=\"container\" data-e-type=\"container\">\n\t\t\t\t\t<div class=\"e-con-inner\">\n\t\t\t\t<div class=\"elementor-element elementor-element-7293e57 elementor-widget elementor-widget-text-editor\" data-id=\"7293e57\" data-element_type=\"widget\" data-e-type=\"widget\" data-widget_type=\"text-editor.default\">\n\t\t\t\t\t\t\t\t\t<p>Die CLV GmbH steht f\u00fcr professionellen Spielwaren Vertrieb in der D-A-CH-Region kombiniert mit europaweiter Logistikkompetenz. Wir unterst\u00fctzen H\u00e4ndler und Partner mit individuellen L\u00f6sungen und pers\u00f6nlichem Service.<\/p><p>Warum CLV GmbH:<\/p><ul><li>Spezialisierung auf CollectA Spielfiguren<\/li><li>Fokus auf D-A-CH Vertrieb + EU-Logistik<\/li><li>Pers\u00f6nliche Betreuung f\u00fcr Gesch\u00e4ftskunden<\/li><li>Effiziente Prozesse und hohe Servicequalit\u00e4t<\/li><\/ul>\t\t\t\t\t\t\t\t<\/div>\n\t\t\t\t\t<\/div>\n\t\t\t\t<\/div>\n\t\t<div class=\"elementor-element elementor-element-a8a5252 e-flex e-con-boxed e-con e-parent\" data-id=\"a8a5252\" data-element_type=\"container\" data-e-type=\"container\">\n\t\t\t\t\t<div class=\"e-con-inner\">\n\t\t<div class=\"elementor-element elementor-element-b71da31 e-grid e-con-full e-con e-child\" data-id=\"b71da31\" data-element_type=\"container\" data-e-type=\"container\">\n\t\t\t\t<div class=\"elementor-element elementor-element-30a31fb elementor-widget elementor-widget-image\" data-id=\"30a31fb\" data-element_type=\"widget\" data-e-type=\"widget\" data-widget_type=\"image.default\">\n\t\t\t\t\t\t\t\t\t\t\t\t\t\t\t<img fetchpriority=\"high\" decoding=\"async\" width=\"525\" height=\"350\" src=\"https:\/\/collecta.com.de\/wp-content\/uploads\/2026\/04\/IMG_6739-1024x683.jpg\" class=\"attachment-large size-large wp-image-2201\" alt=\"\" srcset=\"https:\/\/collecta.com.de\/wp-content\/uploads\/2026\/04\/IMG_6739-1024x683.jpg 1024w, https:\/\/collecta.com.de\/wp-content\/uploads\/2026\/04\/IMG_6739-300x200.jpg 300w, https:\/\/collecta.com.de\/wp-content\/uploads\/2026\/04\/IMG_6739-768x512.jpg 768w, https:\/\/collecta.com.de\/wp-content\/uploads\/2026\/04\/IMG_6739-1536x1024.jpg 1536w, https:\/\/collecta.com.de\/wp-content\/uploads\/2026\/04\/IMG_6739-2048x1365.jpg 2048w\" sizes=\"100vw\" \/>\t\t\t\t\t\t\t\t\t\t\t\t\t\t\t<\/div>\n\t\t\t\t<div class=\"elementor-element elementor-element-d4369ab elementor-widget elementor-widget-image\" data-id=\"d4369ab\" data-element_type=\"widget\" data-e-type=\"widget\" data-widget_type=\"image.default\">\n\t\t\t\t\t\t\t\t\t\t\t\t\t\t\t<img decoding=\"async\" width=\"525\" height=\"350\" src=\"https:\/\/collecta.com.de\/wp-content\/uploads\/2026\/04\/IMG_6746-1024x683.jpg\" class=\"attachment-large size-large wp-image-2198\" alt=\"\" srcset=\"https:\/\/collecta.com.de\/wp-content\/uploads\/2026\/04\/IMG_6746-1024x683.jpg 1024w, https:\/\/collecta.com.de\/wp-content\/uploads\/2026\/04\/IMG_6746-300x200.jpg 300w, https:\/\/collecta.com.de\/wp-content\/uploads\/2026\/04\/IMG_6746-768x512.jpg 768w, https:\/\/collecta.com.de\/wp-content\/uploads\/2026\/04\/IMG_6746-1536x1024.jpg 1536w, https:\/\/collecta.com.de\/wp-content\/uploads\/2026\/04\/IMG_6746-2048x1365.jpg 2048w\" sizes=\"100vw\" \/>\t\t\t\t\t\t\t\t\t\t\t\t\t\t\t<\/div>\n\t\t\t\t<div class=\"elementor-element elementor-element-6564eb5 elementor-widget elementor-widget-image\" data-id=\"6564eb5\" data-element_type=\"widget\" data-e-type=\"widget\" data-widget_type=\"image.default\">\n\t\t\t\t\t\t\t\t\t\t\t\t\t\t\t<img decoding=\"async\" width=\"525\" height=\"350\" src=\"https:\/\/collecta.com.de\/wp-content\/uploads\/2026\/04\/IMG_6771-1024x683.jpg\" class=\"attachment-large size-large wp-image-2199\" alt=\"\" srcset=\"https:\/\/collecta.com.de\/wp-content\/uploads\/2026\/04\/IMG_6771-1024x683.jpg 1024w, https:\/\/collecta.com.de\/wp-content\/uploads\/2026\/04\/IMG_6771-300x200.jpg 300w, https:\/\/collecta.com.de\/wp-content\/uploads\/2026\/04\/IMG_6771-768x512.jpg 768w, https:\/\/collecta.com.de\/wp-content\/uploads\/2026\/04\/IMG_6771-1536x1024.jpg 1536w, https:\/\/collecta.com.de\/wp-content\/uploads\/2026\/04\/IMG_6771-2048x1365.jpg 2048w\" sizes=\"100vw\" \/>\t\t\t\t\t\t\t\t\t\t\t\t\t\t\t<\/div>\n\t\t\t\t<div class=\"elementor-element elementor-element-dd1491c elementor-widget elementor-widget-image\" data-id=\"dd1491c\" data-element_type=\"widget\" data-e-type=\"widget\" data-widget_type=\"image.default\">\n\t\t\t\t\t\t\t\t\t\t\t\t\t\t\t<img loading=\"lazy\" decoding=\"async\" width=\"525\" height=\"350\" src=\"https:\/\/collecta.com.de\/wp-content\/uploads\/2026\/04\/IMG_6762-1024x683.jpg\" class=\"attachment-large size-large wp-image-2200\" alt=\"\" srcset=\"https:\/\/collecta.com.de\/wp-content\/uploads\/2026\/04\/IMG_6762-1024x683.jpg 1024w, https:\/\/collecta.com.de\/wp-content\/uploads\/2026\/04\/IMG_6762-300x200.jpg 300w, https:\/\/collecta.com.de\/wp-content\/uploads\/2026\/04\/IMG_6762-768x512.jpg 768w, https:\/\/collecta.com.de\/wp-content\/uploads\/2026\/04\/IMG_6762-1536x1024.jpg 1536w, https:\/\/collecta.com.de\/wp-content\/uploads\/2026\/04\/IMG_6762-2048x1365.jpg 2048w\" sizes=\"100vw\" \/>\t\t\t\t\t\t\t\t\t\t\t\t\t\t\t<\/div>\n\t\t\t\t<\/div>\n\t\t\t\t\t<\/div>\n\t\t\t\t<\/div>\n\t\t\t\t<\/div>\n\t\t","protected":false},"excerpt":{"rendered":"<p>CLV GmbH \u2013 Vertrieb von CollectA Spielfiguren in der D-A-CH-Region &amp; europaweite Logistik Die CLV GmbH ist Ihr spezialisierter Partner f\u00fcr den Vertrieb von CollectA Spielfiguren in der D-A-CH-Region (Deutschland, \u00d6sterreich, Schweiz) sowie f\u00fcr die europaweite Logistik im Spielwarenbereich. Als erfahrener Distributor im Spielwaren Gro\u00dfhandel verbinden wir regionale Marktkenntnis mit internationaler Logistikkompetenz. So gew\u00e4hrleisten wir &hellip; <\/p>\n<p class=\"link-more\"><a href=\"https:\/\/collecta.com.de\/index.php\/ueber-clv-gmbh\/\" class=\"more-link\"><span class=\"screen-reader-text\">\u201e\u00dcber CLV GmbH\u201c <\/span>weiterlesen<\/a><\/p>\n","protected":false},"author":1,"featured_media":0,"parent":0,"menu_order":0,"comment_status":"closed","ping_status":"closed","template":"elementor_header_footer","meta":{"_angie_page":false,"footnotes":""},"class_list":["post-2177","page","type-page","status-publish","hentry"],"_links":{"self":[{"href":"https:\/\/collecta.com.de\/index.php\/wp-json\/wp\/v2\/pages\/2177","targetHints":{"allow":["GET"]}}],"collection":[{"href":"https:\/\/collecta.com.de\/index.php\/wp-json\/wp\/v2\/pages"}],"about":[{"href":"https:\/\/collecta.com.de\/index.php\/wp-json\/wp\/v2\/types\/page"}],"author":[{"embeddable":true,"href":"https:\/\/collecta.com.de\/index.php\/wp-json\/wp\/v2\/users\/1"}],"replies":[{"embeddable":true,"href":"https:\/\/collecta.com.de\/index.php\/wp-json\/wp\/v2\/comments?post=2177"}],"version-history":[{"count":25,"href":"https:\/\/collecta.com.de\/index.php\/wp-json\/wp\/v2\/pages\/2177\/revisions"}],"predecessor-version":[{"id":2210,"href":"https:\/\/collecta.com.de\/index.php\/wp-json\/wp\/v2\/pages\/2177\/revisions\/2210"}],"wp:attachment":[{"href":"https:\/\/collecta.com.de\/index.php\/wp-json\/wp\/v2\/media?parent=2177"}],"curies":[{"name":"wp","href":"https:\/\/api.w.org\/{rel}","templated":true}]}}